 is r(g)?
-1
Let j(a) = a**2 + 2*a + 3. Let s(z) = -z**3 + 2*z**2 + 2*z - 1. Let m be s(5). Let v be 26/12 - (-11)/m. Let h be ((-6)/4)/(v/4). Determine j(h).
6
Let b(k) = -7*k + 18. Let t(p) = -6*p + 15. Let l(h) = -5*b(h) + 6*t(h). Determine l(3).
-3
Suppose 927 = 10*n + 917. Let y(r) be the third derivative of -13*r**4/24 + r**2. Determine y(n).
-13
Let i = 475 + -471. Let r(u) = 3*u**2 + 13*u - 7. Let q(s) = 2*s**2 + 7*s - 4. Let k(p) = 5*q(p) - 3*r(p). Determine k(i).
1
Let b(p) = -p + 6. Suppose 0 = -3*j + 22 + 8. Determine b(j).
-4
Suppose 0*y + 4 = 2*y. Let o(b) be the first derivative of 5/2*b**2 - 5/3*b**3 + 1/4*b**4 - 2*b - y. Give o(4).
2
Let l(n) = -3*n - 4. Let v = 26 + -27. Let s be (-92)/69*(4 + v). Calculate l(s).
8
Let k(f) = 2*f + 12. Suppose 9*t - 88 - 2 = 0. Let p = t - 19. Determine k(p).
-6
Let z = -2178 + 2170. Let x(b) = -2*b - 18. Give x(z).
-2
Let r be (-260)/(-50) + 2/(-10). Let z(j) = -j**3 + 5*j**2 + 2*j - 7. Let y be z(r). Let o(x) = -x**3 - 2 + 2*x + y*x**2 - 2*x - 3*x. Give o(3).
-11
Let s(t) be the third derivative of 1/30*t**6 + 0*t**4 + 0*t + 0 - 1/60*t**5 + 0*t**3 + 15*t**2. Determine s(1).
3
Let s(q) = q**3 + 6*q**2 + 6*q + 4. Let u be ((-1)/2)/((-48)/(-384)). Calculate s(u).
12
Let u(n) = 6*n - 4. Let o be u(-3). Let h be 2 - o/(-12) - (-87)/18. Let v(m) = m**2 - 4*m - 4. Determine v(h).
1
Let a(g) be the third derivative of -g**8/6720 - g**7/2520 - g**6/720 + 3*g**5/40 - g**4/3 + 13*g**2. Let k(u) be the second derivative of a(u). Give k(0).
9
Suppose 4*r - 5*g + 3*g - 22 = 0, -3*r - 11 = 4*g. Let t(k) = 52*k**r - 53*k**3 - 1 - 3*k**2 + 0*k - 2*k. What is t(-2)?
-1
Let r(a) = 2*a - 5. Suppose -24 = -4*n - 8. Let s(t) = -4*t + 12 - n*t + t + 2. Let q(h) = 14*r(h) + 5*s(h). Determine q(1).
-7
Let a(i) = -4*i**2 - 6*i - 69. Let n(q) = -5*q**2 - 7*q - 83. Let w(h) = 6*a(h) - 5*n(h). Suppose -3*b = -0*b - 12. What is w(b)?
13
Let v(j) be the third derivative of 11*j**5/30 + j**4/12 + j**3/6 - 6*j**2. Suppose 4*n + 12 = 0, -5*n + n - 16 = 4*z. Calculate v(z).
21
Let c(j) be the first derivative of -3*j**4 + j**3/3 - j + 3. Let y(m) = -3*m**2 - 34*m - 10. Let q be y(-11). Calculate c(q).
-12
Let g(k) = -2*k - 2. Let s = -24 + 30. Suppose 7*p + 2 = s*p. Determine g(p).
2
Let j(a) = -a**3 - 2*a**2 + 14*a + 28. Let m be j(-2). Let o(u) = -u**3 + u**2 - u - 2. Determine o(m).
-2
Let h(b) be the second derivative of b**5/20 - 5*b**4/12 - b**3/2 + 2*b**2 + 2*b + 3. Suppose -5*z - 1 = 4. Let v = z - -6. Give h(v).
-11
Let m(s) = s**3 + 4*s**2 - 8*s - 21. Let v = -1768 + 1763. Calculate m(v).
-6
Let m(t) = 0*t + 2*t - 9*t + 6*t - 3. Calculate m(-7).
4
Suppose -5*u = 4*o + 94, 92*o + 3*u + 27 = 91*o. Let n(z) = -z**2 - 23*z - 24. Determine n(o).
18
Let u(q) be the third derivative of -5/8*q**4 + 0 + 0*q + 10*q**2 + 1/6*q**3. Determine u(1).
-14
Let a(z) = -7 - 10 - 4*z - 1 + 12 - 3. Determine a(-10).
31
Let f = -44 + 48. Let d be f + -1 + -10 + 9. Let x(r) = 2*r**2 - 2*r + 2. Give x(d).
6
Let g(s) = s + 8. Let v(x) = -x**3 - 32*x**2 + 40*x + 244. Let w be v(-33). Calculate g(w).
21
Let p(y) = -3*y + 10. Let a(d) = 17*d - 51. Let x(o) = -2*a(o) - 11*p(o). Calculate x(10).
-18
Let j(b) = -3*b - 29. Let i be j(-15). Let s(x) = 2 - 5 - x + i. Let v(w) = w**2 - 4*w + 1. Let z be v(5). Calculate s(z).
7
Let h(x) = -6*x - 65. Let f be h(-13). Suppose 3*c + 2*u + 7 = 0, -2*c + c - f = -2*u. Let v(z) = 4*z**2 + z**3 - 5*z - 4 + 0*z**3 + 3. What is v(c)?
-1
Let d(n) be the first derivative of -n**3/3 - 16*n - 14. Let q(b) be the first derivative of d(b). What is q(-5)?
10
Let k(a) be the second derivative of a**3/2 + a**2 + 7*a. Let u be ((-5)/2)/(3/6). Give k(u).
-13
Let v(n) be the third derivative of n**6/120 - 5*n**3/3 - 67*n**2. Suppose -2*z = -5*w + 2*z, 2*z = w. Determine v(w).
-10
Let y(v) = v**3 + 4*v**2 + 3*v + 6. Suppose 12*a = -5 - 43. Calculate y(a).
-6
Let m(v) = 3*v**2 + v + 4*v**2 + 111 - 51 - 55 - 6*v**2. Determine m(-5).
25
Suppose i = 6*i + 5. Let v be i/3 - 16/6. Let p(f) be the second derivative of -f**5/20 - f**4/12 + f**3/2 - 3*f**2/2 + 2*f - 3. What is p(v)?
6
Let u = 21 + -18. Suppose 2*k - c = 5*k - 9, u*c = k + 7. Let n(b) = -b + 0*b - 8*b**2 - 5 + 0*b**3 + 13*b**k - b**3. Give n(4).
7
Suppose 33*c = 23*c. Let o(d) be the second derivative of -d**5/20 + d**4/12 - d**3/6 - 5*d**2/2 - d. What is o(c)?
-5
Let t = 92 - 89. Let x(d) be the second derivative of 1/6*d**t + d - 1/2*d**2 - 1/20*d**5 + 0 + 1/12*d**4. Determine x(2).
-3
Let o = -273 - -820/3. Let r(f) be the first derivative of 5/2*f**2 - o*f**3 + 5 - 2*f. Determine r(2).
4
Let i(v) = -8*v**2 - 20*v + 33. Let b(w) = -3*w**2 - 11*w + 17. Let u(k) = -5*b(k) + 2*i(k). Calculate u(14).
-5
Let m(b) be the first derivative of -b**4/4 - b**3/3 + 3*b**2/2 - b + 32. Let d(f) = -f**2 + 7*f + 10. Let k be d(8). What is m(k)?
-7
Let m(q) be the third derivative of -5*q**4/24 + q**3/6 - 175*q**2. Let x(c) = -c - 4. Let u be x(-7). What is m(u)?
-14
Let l(i) = -231*i**2 + 118*i**2 - 5 - 14*i + 115*i**2 - 7. Calculate l(8).
4
Let t(m) = -m**3 + 6*m**2 + 6*m + 10. Let v = 42 - 35. Let h be t(v). Let g(d) = -d**2 + 5*d - 2. Determine g(h).
4
Let f(x) = -10*x**2 - 14*x - 6. Let v(h) = 6*h**2 + 9*h + 4. Let i(p) = 5*f(p) + 8*v(p). Give i(2).
-2
Let l(j) be the third derivative of -7/24*j**4 + 0*j - 12*j**2 + 0*j**3 + 0. Calculate l(-1).
7
Let c(f) be the first derivative of f**3/3 - 3*f**2 - 3*f + 29. Give c(6).
-3
Let b(n) be the second derivative of n**4/12 - n**3/6 + n. Let j(z) = -4*z - 20. Let l be 1*-3 + (-12)/4 + 0. Let x be j(l). What is b(x)?
12
Let p(i) = 15 - 5 - i + i**2 - 6*i. Suppose -43 = o - 48. Let s be p(o). Let v(r) = r**3 - r**2 - r + 5. Give v(s).
5
Let o = -5 + 11. Let h(i) = i**2 - 3*i - 13. Let k be h(o). Let l(q) = 4*q - 7. What is l(k)?
13
Let k(r) = -r**3 - 3*r - 3. Suppose -b - 2*z = -42, 6*z - 2*z - 216 = -5*b. Suppose -5*v + b + 6 = -5*y, -2*y = 2*v - 24. Let w = v + -13. Calculate k(w).
11
Let r(z) = -4 - z - z**2 + z**3 + 4 - 3*z**2 + 2 - z**2. Determine r(4).
-18
Let a(g) be the second derivative of -1/6*g**3 + 0*g**2 + 0 - 13*g. Give a(-2).
2
Let i be ((-2)/(-3))/((-7)/(-399)). Let k(h) = -i*h**2 + 3*h**3 + 3*h**3 + 40*h**2 - h - 7*h**3. Determine k(1).
0
Let w(b) = -5*b**3 - 8*b**2 - b. Let m(t) = 28*t**3 + 41*t**2 + 6*t + 1. Let v(i) = 2*m(i) + 11*w(i). Determine v(6).
8
Let u(o) = -3*o**2 + 4*o**2 + 9255*o + o**3 + 4*o**2 + 1 - 9260*o + 0. Let f(y) = y**3 - 6. Let d be f(0). Calculate u(d).
-5
Let a(p) = 24*p - 22. Let f be a(1). Let y(g) = g**2 + 2*g - 4. Calculate y(f).
4
Let m(k) be the second derivative of k**6/120 - k**4/24 + k**3/6 - 7*k**2/2 + 7*k. Let d(i) be the first derivative of m(i). Determine d(-2).
-5
Suppose -n = 2*n - 2*u - 8, -2*n + 5*u - 13 = 0. Let m(t) = 46*t**2 + 32*t - 4. Let k(f) = -13*f**2 - 10*f + 2. Let v(g) = 7*k(g) + 2*m(g). Determine v(n).
6
Let d(h) be the second derivative of h**7/840 - h**6/60 - h**5/15 - 7*h**4/24 - 3*h**3/2 - 26*h. Let w(a) be the second derivative of d(a). What is w(7)?
-14
Let j(d) = d**2 + 3*d + 2. Let q be (-8)/10 - 405/25. Let m = q - -20. Suppose -6*b + m*z = -b + 20, 3*z - 16 = 4*b. What is j(b)?
6
Let q(x) be the first derivative of x**3/3 + 3*x**2/2 - 245. What is q(-3)?
0
Suppose -k - 3*w = 4*k - 22, -3*k + 10 = 5*w. Let j(h) = -2*h**2 + 6*h - 3. Determine j(k).
-23
Let d(m) be the first derivative of m**4/4 + m**3/3 - m**2/2 - 5*m - 120. Determine d(0).
-5
Let d(w) = w**2 + w - 2. Suppose -5*n - 23 = 15*k - 17*k, 0 = n + k + 6. What is d(n)?
18
Let y = -11 - -16. Let f(p) = -27*p + 22*p - 6*p**2 + p**3 - y + 2*p**2. Suppose -4*a + 15 = z, 2*z = -5*a - 0*z + 15. What is f(a)?
-5
Let c(m) be the first derivative of m**6/120 - m**5/20 + m**4/24 - m**2/2 - 3. Let b(l) be the second derivative of c(l). What is b(1)?
-1
Let z(x) = -x**2 + x - 2. Suppose 0 = -5*a + 4*a + 7. Suppose 5*k + 5*t - a = 4*t, -4*k = -4*t - 20. Determine z(k).
-4
Let q(w) = -w + 5. Suppose 3*v - 4*g + 2 = v, v - 4*g = -9. Suppose -v*n + 48 = 5*n. Calculate q(n).
1
Suppose -4 - 14 = -6*i. Let w(q) = -3 + 2 + 3 + q**2 + 3*q - i. Determine w(3).
17
Let s(z) = -z**3 - 8*z**2 - 6*z + 5. Suppose -6*r + 21 = -9*r - g, 4*r - g + 35 = 0. What is s(r)?
53
Let y(j) = j**3 + j**2 + 12. Let l = 28 + -28. Su